 -3*o + 82. What is the remainder when 215 is divided by o?
23
Suppose 0 = -3*i - 0*i + 18. Calculate the remainder when (12/(-9))/((-6)/45) is divided by (3/i)/(3/42).
3
Let h(l) = l**3 + 5*l**2 - 5*l - 21. Let g be h(-5). Suppose g*v + 20 = 0, 0 = -2*a - 4*v + 254 + 148. What is the remainder when a is divided by 36?
31
Let o = -17358 - -17383. Calculate the remainder when 458 is divided by o.
8
Suppose 23 = -9*q - 22. What is the remainder when 103 is divided by ((-4)/q - 0)/(2/90)?
31
Let v(c) = -c**3 - 16*c**2 - 31*c - 193. Calculate the remainder when v(-17) is divided by 25.
23
Let r = 9000 + -8991. Let p(m) = 2*m**2 - 6*m + 4. What is the remainder when p(7) is divided by r?
6
Let m(d) = -14*d + 115. Let v = -37 + 122. Calculate the remainder when v is divided by m(5).
40
Let k = 758 + 185. What is the remainder when k is divided by (((-1120)/(-15))/(-16))/(2/(-27))?
61
Let g(f) = -2*f**2 - 12*f + 108. Let q be g(10). Let t = -199 - q. What is the remainder when 110 is divided by t?
6
Suppose -g + 83 = -5*r, 2*g - 2*r = 149 + 25. Suppose g = 3*k - 11. Let u(t) = 10*t**2 - 188*t + 718. What is the remainder when u(4) is divided by k?
27
Suppose -258*i + 260*i - 2*q = 36, i - 5*q - 50 = 0. What is the remainder when 1165 is divided by i?
5
Suppose 6*o = 4*o + 12. Suppose 4*c - 5*j = 39, 4*c - 23 = 4*j + 21. Calculate the remainder when c is divided by o - (4 + 2 + -3).
1
Let g(v) = -6*v + 25. Let y be g(4). What is the remainder when -3*(-86)/3*1 is divided by y + 1 + (-36 - -49)?
11
Suppose y = 4*d - 48, -85 = -5*d + 3*y - 8*y. Suppose -90*h = -94*h - 4. Let r(z) = -22*z**3 + z. What is the remainder when r(h) is divided by d?
8
Suppose w = 2*v + 53, 4*w + 4*v + 39 = 203. What is the remainder when 4496 is divided by w?
41
Suppose z - 21 - 73 = 0. Let u = z - 17. What is the remainder when u is divided by 18 - 20/((-160)/72)?
23
Suppose -28*b - 30*b + 3003 = -2333. Calculate the remainder when b is divided by 16.
12
Suppose -20 = -5*n, -2*u - 3*n = -u - 59. Let q be ((-18)/(-4))/(10/20). Calculate the remainder when u is divided by q + 0/(-9) + -5.
3
Let m(k) = -k**3 + 43*k**2 + 77*k - 18. Calculate the remainder when m(43) is divided by 122.
121
Let r(h) = 7*h - 2*h + 0*h + 40 - 8*h - 2*h**2. Calculate the remainder when r(0) is divided by 16.
8
Let t(f) = -11*f - 515. What is the remainder when 625 is divided by t(-58)?
10
Let i(m) = m + 2. Let p be i(23). Let y = p - -5. Let n = -13 + y. What is the remainder when n is divided by 10?
7
Let h(z) = 1344*z**2 - 86*z + 85. What is the remainder when h(1) is divided by 112?
111
Let p be (0 + 6)*(24/(-9))/(-1). Suppose -4*x + i + 36 = 0, 3*x - 3*i - p = 20. Suppose 0 = -6*m + 8*m - 140. What is the remainder when m is divided by x?
6
Suppose -68 = 6*y - 8. Suppose -628 = -4*f - 232. What is the remainder when f is divided by y/(-15) + -4 + 340/12?
24
Let f(w) = -w**3 + 96*w**2 - 445*w + 458. What is the remainder when f(91) is divided by 7?
3
Suppose 31 = 5*g - 59. Let b be -10 + 0 + 8 - 60/(-1). Suppose -b*k = -59*k + 88. Calculate the remainder when k is divided by g.
16
Let p = -2914 - -3075. What is the remainder when p is divided by 18?
17
Suppose 0 = -7*v - 3 + 17. Suppose 5*c - 198 = -v*w - 52, 86 = 3*c + 2*w. Calculate the remainder when 117 is divided by c.
27
Let w = 9239 - 9190. Calculate the remainder when 459 is divided by w.
18
Let k(u) = -2*u. Let a(d) = -45*d + 83. Let f(h) = -a(h) - k(h). What is the remainder when f(6) is divided by 20?
19
Let r(c) = -30*c - 13. Suppose 0 = -662*m + 660*m - 4. Calculate the remainder when 71 is divided by r(m).
24
Let u = 43 + -38. Suppose -u*j + m = 216, 4*m - 219 = -3*j + 8*j. Let t = j - -90. What is the remainder when t is divided by 12?
11
Let v(q) = q**3 - 6*q**2 + 3*q - 10. Suppose 10*l - 8*l = 12. Let t be v(l). What is the remainder when 40 + 7 + (4 - t) is divided by 11?
10
Let w be 241/(-9) + 8/(-36). Let h = w + 24. What is the remainder when 147 is divided by (h - (-4 + -1)) + 7*4?
27
Suppose -2*i - 15 = -3*k, -3*i - 30 = -4*k - 10. Suppose 235 = 4*o - 3*m, -5*m - 8 - 17 = i. What is the remainder when 107 is divided by o?
52
Calculate the remainder when 1*-3*(-25344)/297 is divided by 34.
18
Let f = 148 + -141. Suppose -f*a = -4*a - 318. What is the remainder when a is divided by 19?
11
Let k(m) be the second derivative of -m**4/6 - 2*m**3 + m**2/2 - 25*m. Let p be k(-5). Suppose p*d - d = 270. Calculate the remainder when 75 is divided by d.
21
Let q = 6043 - 5721. What is the remainder when q is divided by 27?
25
Let y(z) = -3*z**3 + 28*z**2 + 9*z - 20. Calculate the remainder when 997 is divided by y(4).
181
Let k(w) = 14*w**2 + 1406*w + 1407. Calculate the remainder when 612 is divided by k(-1).
12
What is the remainder when 2/(-24)*4 - (-3 + (-2732)/6) is divided by 99?
62
Let a(u) = -43*u + 119. Let n be a(-7). Suppose -176*i + 181*i = n. Calculate the remainder when i is divided by 18.
12
Let y(l) = -3*l**3 - l**2 - 4*l - 5. Let t be y(-4). Suppose -t + 243 = 8*k. Calculate the remainder when 21 is divided by k.
0
Suppose -9*s + 414 = -0*s. Let h = s - 43. What is the remainder when 66 is divided by ((-1)/h)/(9/(-918))?
32
Suppose -3*q - g = -49, g = -g - 10. Let k = q - 34. Let w = k + 75. Calculate the remainder when w is divided by 16.
11
Suppose -8*q = -37 - 3. Let s be (-2 - 2)/(4/(-26)). Suppose 5*r - 19 = s. What is the remainder when r is divided by q?
4
Suppose -51*p = -10940 + 1097. Let y = 519 + -451. What is the remainder when p is divided by y?
57
Calculate the remainder when (-140)/(-1) - (18/(-4) - 105/42) is divided by 13.
4
What is the remainder when 169 is divided by ((-501)/6)/(-7 - (-52)/8)?
2
Suppose -16*n + 645 = 3*g - 21*n, -4*g + n + 826 = 0. Calculate the remainder when g is divided by 193.
12
Suppose -2*k - 6 = -4*k. Suppose k*u + 24 = 3*m, 5*m + 6*u - 5*u = 28. Suppose -52 = 2*n - m*n. What is the remainder when n is divided by 8?
5
Let k(x) = -8*x**3 - 38*x**2 + 88*x - 2. What is the remainder when k(-7) is divided by 17?
9
Suppose -2*f = 3*c - 3, 5*c + 5*f + 1 = 6*c. Suppose c = 12*q - 35. Calculate the remainder when 8 is divided by q.
2
Let f(y) = -y + 16. Let x be f(6). Let s = 1126 - 1114. Calculate the remainder when 466/x + (-2)/(-5) is divided by s.
11
Suppose 11*f - 14*f - 8*f = 0. Suppose -16 = -4*n, 4*s + n - 456 = -f*s. Calculate the remainder when s is divided by 6.
5
Let a(x) = -8*x**3 - 4*x**2 + 12*x + 18. Let q be a(5). Calculate the remainder when 58 is divided by 0 - 4/(-14) - 20148/q.
18
Suppose 0 = -5*s, m - 4*s - 455 = 437. What is the remainder when m is divided by 32?
28
Let b = 12 - 18. Let z(a) be the second derivative of -4*a**3/3 - 7*a**2 - 18*a. What is the remainder when 97 is divided by z(b)?
29
Suppose -8*g + 13*g - 999 = 4*w, 4*w = -4. Let u = -164 + g. Calculate the remainder when u is divided by 12.
11
Let c(q) = q**3 - 63*q + 0*q**2 - 4*q**2 - 25*q**2 - 244 + 286. Calculate the remainder when 30 is divided by c(31).
8
Suppose 3*j = 2 + 10, -5*g + 4*j + 59 = 0. What is the remainder when ((-2)/(-4))/((-2)/(-288)) is divided by g?
12
Let t = -1 - 0. Let v(b) = -11*b + 8*b**2 + 11 - 8*b - 13 + 17*b. What is the remainder when 15 is divided by v(t)?
7
Let m(k) = k**3 - 3*k. Let o be m(6). Suppose -b = 5*g - 85, 2*b + 0*g - o = 4*g. Let q = 16 + 16. Calculate the remainder when b is divided by q.
31
Suppose -2*r = -4*a + 202, 5*r + 4*a + 212 + 335 = 0. Let z = 113 + r. Calculate the remainder when 126 is divided by 110*(z/(-10) - -1).
38
Let r(x) = -2*x**3 + 2*x**2 + x - 1. Let f be r(-1). Let n(u) = 53*u - 2. What is the remainder when n(1) is divided by 1528/56 - (24/(-14) + f)?
24
Suppose 69*q - 10 = 197. Suppose q*f + 0*f - 159 = -5*z, 0 = f + 4*z - 60. What is the remainder when f is divided by 11?
4
Suppose 4*p + 3*z - 45 + 18 = 0, 4*p - 2*z - 42 = 0. Suppose -11*m = -24 - p. Calculate the remainder when (m - (-560)/4) + 2 is divided by 50.
45
Suppose 206*l - 69*l = 61787. What is the remainder when l is divided by 73?
13
Suppose 12*f - 2404 = -856. Calculate the remainder when f is divided by 116.
13
Let n = -3 + 54. Suppose 26 - 82 = -a. Let v = a - n. Calculate the remainder when 12 is divided by v.
2
Let q be 40/2 - (-2 + -1). Suppose 3*a - 2*a =